 - 17*h - 396, -305 = -3*d - h. Calculate the remainder when 4220 is divided by d.
100
Calculate the remainder when 77 is divided by 15 - -8 - (9 + -22).
5
Let c(f) = -66*f - 1962. What is the remainder when 1758 is divided by c(-31)?
78
Let n(j) = j**3 - j**2 - 6*j + 11. Let a be n(0). Suppose a*b + 880 = 27*b. What is the remainder when b is divided by 31?
24
What is the remainder when (1 - 3082/(-10)) + 9/(-45) is divided by 108?
93
Suppose 5*u - h - 4614 + 1224 = 0, -8796 = -13*u - h. Calculate the remainder when u is divided by 44.
17
Suppose 21*x + 36 = 3*x. Calculate the remainder when 118 is divided by ((-15)/60)/(x/8) - -23.
22
Calculate the remainder when (-2528)/(-14) + (1 - -1) + 356/(-623) is divided by 6.
2
Suppose 0 = -4*g, 3*a - 7*a + 311 + 853 = -2*g. Calculate the remainder when a is divided by 148.
143
Let x(o) = 108*o**3 - o**2 - o. Let h(u) = -2*u - 27. Let m be h(-14). Calculate the remainder when x(m) is divided by 23.
14
Let c(i) = -i**2 + i + 9. Let m be c(-6). Let y = 35 + m. Suppose -3*z + 4 + 82 = 5*q, 36 = 2*q + y*z. Calculate the remainder when q is divided by 9.
7
Suppose 42*v + 4*v + 2*v = 61440. What is the remainder when v is divided by 15?
5
Let o(f) = 4*f**2 + 931*f + 6493. Calculate the remainder when 603 is divided by o(-7).
87
Suppose -2*m - 210 = -4*w, -m = -w + 4*w - 165. What is the remainder when 323 is divided by w?
53
What is the remainder when ((-543)/(-6))/((-37)/185*(-5)/4) is divided by 48?
26
Let q = 8633 - 8177. What is the remainder when q is divided by 114?
0
Let f(m) = -628*m - 2956. Calculate the remainder when f(-8) is divided by 20.
8
Let c = -16 - -19. Suppose a = -5*y + 354, 5*y - 66 = 4*y + a. Suppose c*l = 10*l - y. What is the remainder when l is divided by 9?
1
Suppose -2132 + 75 = -11*k. Suppose -w - w = -5*s - 404, 0 = w + 5*s - k. Calculate the remainder when w is divided by 25.
22
Let u(f) be the first derivative of 4*f + 6 - 1/3*f**3 + 17/2*f**2. What is the remainder when 6 is divided by u(17)?
2
What is the remainder when -8 + 33260/(16 - 6) + 11 is divided by 14?
11
Let x(b) = -5*b**3 + 133*b**2 + 56*b - 26. Let i = 33 - -35. Calculate the remainder when i is divided by x(27).
12
Let q(j) = 3*j**2 - 6*j + 5. Suppose 2 = v - 0, -3*d + 3*v + 60 = 0. What is the remainder when q(4) is divided by d?
7
Suppose 0 = 16*f + 816 + 464. Calculate the remainder when (24/10 - 3)*f is divided by 19.
10
Let d(n) be the second derivative of 1/4*n**4 + 1/6*n**3 - 7/2*n**2 + 0 + 14*n. Calculate the remainder when 66 is divided by d(-3).
15
Let b(p) = -6*p + 63. Let f(v) = v + 2. Let o(r) = -b(r) + 5*f(r). Let n(a) = a**2 + 29. What is the remainder when o(15) is divided by n(0)?
25
Let k = 773 + -609. Calculate the remainder when k is divided by 86.
78
Let j(i) be the third derivative of 59*i**4/24 + 5*i**3/6 + i**2 - 19*i. Calculate the remainder when j(1) is divided by 6.
4
Let r(h) = 7*h**2 + h + 17. Let f be r(-10). Let b be -1 - 10/(-6) - f/21. Let x = b - -45. Calculate the remainder when 71 is divided by x.
11
Suppose 6*s = 2*s - 35 + 223. What is the remainder when 761 is divided by s?
9
Let m = 254 + -305. Let g = m + 63. Calculate the remainder when 93 is divided by g.
9
Let j = 308 + 105. Suppose 0 = -2*f - 117 + j. Calculate the remainder when f is divided by 25.
23
Let r(k) = 3*k**2 - 4*k - 59. Let u be r(-11). Let x = u - 276. Calculate the remainder when x is divided by 26.
20
Let v be (3*-3)/(30/20). Let n be (-4 - 1)/(1 + 4/(-2)). What is the remainder when 43 is divided by (5 - -1)/(n/((-45)/v))?
7
Let k(v) = v**2 + 6. Let a be k(7). Let j = a + -45. Suppose -j*o - 2*o = -144. Calculate the remainder when 167 is divided by o.
11
Suppose -2*q - 1 + 9 = 0. Suppose -4*k - 113 = -3*u, 4*k = 6*k + q. What is the remainder when u is divided by 13?
9
Suppose 3010 = 14*v - 7*v. Let h = 1825 + -1813. Calculate the remainder when v is divided by h.
10
Suppose -1344 = -4*b - k, 5*k + 601 = 4*b - 791. What is the remainder when 1153 is divided by b?
139
Let y be -29 - -34 - (-1082 + 1). Suppose -5*s = -11*s + y. Calculate the remainder when s is divided by (276/16)/(6/16).
43
Calculate the remainder when 7654 is divided by (91/(-14) - -6)/(2*4/(-176)).
9
Let y(u) = -u**3 + 3*u**2 + 122*u - 42. Let o(p) = 10*p + 20. What is the remainder when y(-10) is divided by o(0)?
18
Suppose 0 = 2*g - 21 - 7. Calculate the remainder when 9/((-54)/(-708)) - 55/((-165)/12) is divided by g.
10
Let x(a) = 22*a - 1341. Calculate the remainder when x(67) is divided by 15.
13
Calculate the remainder when (68/(-136))/(2/(-30620)) is divided by 264.
263
Let n(t) = -t**3 - 19*t**2 + 10*t - 187. Let c(g) = 13*g - 4. What is the remainder when c(2) is divided by n(-20)?
9
Suppose -f = 4*f - 880. Let d(h) = 83*h + 415. Let l be d(-5). Suppose -4*c + f = -l*c. Calculate the remainder when 175 is divided by c.
43
Suppose 87 = 2*x + 5*y, 33*x - 3*y = 34*x - 44. Suppose 0 = 2*t - 2*m + 798, 3*m = 8 + 4. What is the remainder when (0 + -1)*t/5 is divided by x?
38
Let k = -46 + 99. Suppose -4*u + 1064 = 4*m, 214*m = 211*m + 3*u + 786. Calculate the remainder when m is divided by k.
52
Suppose -43*j - 20*j + 13608 = 0. What is the remainder when 1716 is divided by j?
204
Calculate the remainder when -8*(-9)/(-144) + 1299/2 is divided by 321.
7
Suppose 21 = -9*g + 48. Suppose -5*x + 4*o = -x - 24, -o - g = 0. Suppose i = x*i - 38. What is the remainder when 55 is divided by i?
17
Let y(r) = -r**3 - 11*r**2 + 42*r + 42. Let s(t) = t**2. Let c(u) = -2*s(u) + y(u). What is the remainder when c(-16) is divided by 28?
26
What is the remainder when (1432 - 8) + 1/((-3)/(-1) + -4) is divided by 57?
55
Suppose 144 = 4*q - 2*q. Let s = q + -64. Suppose s = g - 18. What is the remainder when 102 is divided by g?
24
Let p = 1251 - 842. Let w = p - 369. What is the remainder when 117 is divided by w?
37
Let m(d) be the second derivative of 7/6*d**3 - 8*d**2 + 20*d + 0. Calculate the remainder when m(9) is divided by 8.
7
Suppose 12 = 2*l + 2*l. Let f = -303 - -336. What is the remainder when f is divided by (l + 8/6)*3?
7
Let q(u) = u - 5. Let x be q(8). Suppose -27 = 8*g - x. What is the remainder when g + (30/(-9))/(2/(-24)) is divided by 19?
18
Let y be (2*-1)/((-6)/(-108)). Let h = 10 + 37. Let g = h + y. Calculate the remainder when g is divided by 7.
4
Let y(s) = -s**3 - 22*s**2 - 21*s + 2. Let f be -3 - (0 - 2) - 20. Let u be y(f). Suppose 137 = 15*a + u. Calculate the remainder when 15 is divided by a.
6
Let j(k) = 13*k**2 + 2*k + 2. Let z = -52 + 139. Suppose 0 = -2*c - 2*w + 62, 4*c - c - z = -w. Calculate the remainder when j(-2) is divided by c.
22
Let m(t) = -t**3 - 8*t**2 + 6*t + 1. Suppose -8*j = -238 - 122. Suppose j = -6*q + q. What is the remainder when 195 is divided by m(q)?
27
Let x(n) = n**3 - 16*n**2 + 19*n + 27. Let u be x(16). Calculate the remainder when u + 3 + -8 + 0 is divided by 30.
26
Let y = -572 - -579. Suppose 4*s - 148 = -5*z, y*s = z + 4*s - 22. Calculate the remainder when 104 is divided by z.
20
Suppose 10*f = -209 - 281. Let p = f - -64. Suppose 12*x = p*x - 27. What is the remainder when x is divided by 4?
1
Let n be 8/18 + (-4258)/(-18). Suppose -5*l - 193 = 8*h - 10*h, -3*h + n = 3*l. Calculate the remainder when 161 is divided by h.
77
Let a(s) = 2*s**2 + 8*s - 46. Let w be a(-14). Suppose w = 2*y - p, 0*y - 2*y = p - 234. Calculate the remainder when y is divided by 64.
53
Let j be (3/12 + (-44)/16)*2. Let r be 5 + (7 - 3) + j. Suppose 26 + 2 = r*y. What is the remainder when 33 is divided by y?
5
Calculate the remainder when 1610/(-161)*212/(-10) is divided by 36.
32
Let z = 5469 + -2894. Let t = -1575 + z. Calculate the remainder when t is divided by 91.
90
Let d(j) = 4121*j - 2940. Calculate the remainder when d(4) is divided by 13.
11
Suppose -32*v + 54 = -14*v. Suppose -39*u + 1692 = -v*u. What is the remainder when 137 is divided by u?
43
What is the remainder when 2424 is divided by (4/8)/((-8619)/5772 - (-9)/6)?
56
Let n = -10408 + 10691. What is the remainder when n is divided by 250?
33
Suppose -q = -0*h - 2*h - 17, 5*q - 64 = 3*h. Calculate the remainder when -28 - (-143)/(3575/2250) is divided by q.
7
Let m = -242 + 266. Let g = -14 + m. What is the remainder when 49 is